Let c(u) = 5*u - 2. Let p(g) = d*c(g) + 4*z(g). Calculate p(4).
-2
Let j(i) be the second derivative of -7*i**3/3 - i**2/2 - 26*i. Calculate j(-1).
13
Let v(k) be the first derivative of k**4/4 + k**3/3 - k**2/2 - k + 3. Determine v(-2).
-3
Let k(a) be the first derivative of a**4/4 - 8*a**3/3 + 4*a**2 + 4*a + 3. Let u be k(7). Let q(b) = -2*b + b - u + 10. Give q(-6).
5
Let y(a) be the first derivative of 2*a**2 + 3*a - 2 + 1/3*a**3. Calculate y(-2).
-1
Let i(y) be the first derivative of -y**4/4 + 5*y**3/3 + 3*y**2 + 2*y + 1. Suppose -28 = -5*t + 2. Determine i(t).
2
Suppose -2 = -2*n + 4*n. Let z(j) = -j + 3. Let v be z(3). Let o = v + n. Let w(i) = -i**3 - i - 1. What is w(o)?
1
Let f(c) = -12 + 27 - 10 - c. Calculate f(6).
-1
Let k(a) = -8*a + 5. Let h be 38/(-8) - 9/36. Let y(j) = -52*j + 32. Let o(w) = h*y(w) + 32*k(w). Give o(-2).
-8
Let p(k) = 2*k**3 - 3*k**2 + 2. Let v = 2 - 1. Suppose 3*s = 2*s + 5*r + 8, -2*s = -3*r - 9. Let c = s - v. What is p(c)?
6
Let l(z) = z - 7. Let m(h) = 2*h - 6. Let s(q) = 3*l(q) - 2*m(q). Determine s(-7).
-2
Suppose 24 = -4*z + i, -3*i = 2*z + 2*z + 24. Let f(q) = -q**2 - 3*q. Calculate f(z).
-18
Suppose 0*y - 4 = -y, -2*b = 4*y - 20. Let x(i) = b*i + 0 - 2*i**2 + i**3 + i**2 - 3*i - 4. Give x(0).
-4
Let s(b) = b**2 + 4*b - 1. Let p be s(-5). Let u be (-10)/(-8)*(6 - 2). Let c(j) = -6 - 3*j**2 - u*j + j**3 + 6. Give c(p).
-4
Let i(y) = -y**2 + 12*y - 24*y + 10*y + 3. Let b(c) = -c**2 + 5*c + 2. Let g be b(5). Calculate i(g).
-5
Let o(b) = b**3 - 5*b**2 - 6*b + 6. Let s be 2/9 + 52/9. Determine o(s).
6
Let j(i) = -3*i**2 + 4*i - 1. Let s(z) = -15*z**2 + 22*z - 5. Let v(w) = -11*j(w) + 2*s(w). Let u be -2*(1 + -2) + -3. What is v(u)?
4
Let f(u) be the first derivative of -u**4/4 - 2*u**3/3 - 2*u**2 - 2*u + 15. Let w(k) = 3*k + 1. Suppose -2*p = p + 3. Let l be w(p). Calculate f(l).
6
Let y be (22/(-10))/((-6)/30). Let p = 9 - y. Let u(q) = -q**3 + q**2 - 1. Determine u(p).
11
Suppose 0 = 4*a - 2*a - 10. Let b(c) = -c**2 + 5*c + 2. Let z be b(a). Let m(q) = q**2 - 1. Let p(s) = -4*s**2 - s + 4. Let n(k) = -9*m(k) - 2*p(k). Give n(z).
1
Let r(m) = -4*m + 3. Suppose 2*u + 2 = u, -5*a + 20 = -5*u. Suppose -a*z = -5 - 1. Determine r(z).
-9
Suppose 5*i + 6 = -4*x, -3*i + 2*x - 3*x = -2. Suppose 0 = -2*r - d - i, -3*r - d - 3 = 2*d. Let b(l) = -3*l**3 + l**2 + l + 1. Give b(r).
4
Let y(o) = o**2 - 3*o + 5. Let t(m) = m**2 + 5*m + 4. Let j be t(-5). Calculate y(j).
9
Let i(r) = r**2 + 2*r. Let k(s) = -s**2 - 13*s + 2. Let v be k(-13). Give i(v).
8
Let q(z) = 2 + z - 8 - 3 + 3. Give q(5).
-1
Suppose 4 = 2*n + l - 3*l, -4*l = -2*n + 2. Let s(o) be the second derivative of 3/2*o**2 + 1/4*o**4 - 1/2*o**n + o - 1/20*o**5 + 0. Calculate s(2).
1
Let a(o) = 4*o + 1. Let x be a(1). Suppose -v = x + 1. Let u(t) = -t**3 - 7*t**2 - 7*t - 2. Calculate u(v).
4
Suppose -5*k + 7*j + 10 = 2*j, 5*j = -3*k - 10. Suppose c = 3 - k. Suppose -c*s - 5 = 4. Let p(a) = -a**3 - 4*a**2 - 5*a - 2. Determine p(s).
4
Let z(j) = -1 + 4*j + j**2 - 2 - 2*j**2. Suppose -w + 1 = -1. Determine z(w).
1
Let a(y) = y**2 - 5*y - 4. Let g be a(6). Let p(d) = 5*d. What is p(g)?
10
Let k(q) = -4*q. Let r(a) = 3*a + 1. Let o(g) = -5*k(g) - 6*r(g). What is o(6)?
6
Let s = -14 + 10. Let h(f) be the second derivative of f**5/20 + f**4/4 - 2*f**3/3 - 3*f**2 + 9*f. Determine h(s).
-6
Let c = 10 - 8. Let b(w) = w**2 + 2*w - 2. Calculate b(c).
6
Suppose -3*i - 10 = -5*z - 4*i, 6 = 3*z + 2*i. Let x(a) = -a**2 + 5*a**z - 1 + 0*a**2. Give x(1).
3
Let z(j) = -2*j + 3. Let l be z(2). Suppose -n + 3 = 6*p - 5*p, -2*p = -4*n + 18. Let s(t) = -3 + 0*t + n*t + 4. Give s(l).
-3
Suppose -18*u = -13*u - 20. Let p(f) be the third derivative of -5*f**4/24 + f**3 - 2*f**2. Determine p(u).
-14
Let r(g) = -g**3 + 4*g**2 - 2*g - 1. Suppose 4*b + 14 = -2*p, 3*p + 4*b + 1 = -10. What is r(p)?
2
Let k(y) be the third derivative of -1/6*y**3 + 0 + 0*y - 8*y**2 + 1/3*y**4. What is k(1)?
7
Let l(y) = 3 + 1 - 8*y - 3*y**2 + 4*y**2. Let r = -407 - -415. What is l(r)?
4
Let f = -130 + 86. Let a be f/(-36) + 2/(-9). Let q(u) = -6*u + 1. Determine q(a).
-5
Let h(r) = -r**2 - 3*r - 3. Suppose m - 1 = 2. Suppose -4*b = 2*x + 6, -m*b - 2*x - 2*x = 2. Give h(b).
-1
Let w(l) = -2*l**3 - l**2 + 2*l + 3. Suppose 1 = f + 3. Determine w(f).
11
Let a(q) be the third derivative of -q**6/120 - 7*q**5/60 + 5*q**3/3 - 63*q**2. What is a(-7)?
10
Suppose -5*z + 10 = -15. Suppose -m = z*u - 2*m - 12, 2*u + 6 = -5*m. Let d(c) = -u + 0 - c + 2*c. Determine d(1).
-1
Let g(i) = i**2 - 4. Let o(s) = 2*s**2 - 5*s + 1. Let n(b) = 5*b**2 - 15*b + 3. Let d(r) = -3*n(r) + 8*o(r). Let t be d(-5). Let m = t - -1. Determine g(m).
-4
Suppose 2*v - 6*v = -700. Let z be 2/9 - v/(-63). Let h(c) = 2. Let p(q) = q - 3. Let y(u) = z*h(u) + 2*p(u). What is y(-1)?
-2
Let i(q) = q + 9. Let p be i(-9). Let d(t) = -3*t**3 - 5*t**2 - 7*t + 17. Let o(r) = r**3 + 2*r**2 + 3*r - 8. Let u(j) = 2*d(j) + 5*o(j). Determine u(p).
-6
Let c be (-3)/12 - 27/4. Let h = 4 + c. Let r(n) be the second derivative of n**3/3 + n**2 - n. Determine r(h).
-4
Suppose -3*s + 136 - 31 = 0. Let z be (42/s)/(2/5). Let y(t) = -3*t**3 + t + 2*t + 2*t**3 + 3*t**2. Give y(z).
9
Let c(s) = s**2 + 4*s - 5. Let h be c(-5). Let b(g) = -2*g**2 + g**2 + g + 2*g - 2*g. Determine b(h).
0
Let b(k) be the third derivative of -k**5/60 + k**4/24 + 4*k**3/3 - 3*k**2. Suppose 6*h - h = 0. Give b(h).
8
Let j(k) = 5*k**2 + 2*k - 6. Let t(q) = 9*q**2 + 3*q - 12. Let i(r) = 7*j(r) - 4*t(r). Let p = -36 - -41. Calculate i(p).
-9
Suppose 2*f + 4*h - 24 = 0, 2*f - h = -1 - 0. Let a(y) be the second derivative of -f*y**3 + 3*y**3 + 3*y - 2*y. What is a(-1)?
-6
Let a(i) = -i - 8. Let c be (-14)/2 + 0/3. Let z be a(c). Let k(m) be the first derivative of 4*m**3/3 - m - 5. Determine k(z).
3
Let k(o) be the first derivative of -o**3/3 + 5*o**2/2 - o - 39. Calculate k(4).
3
Let u(r) = 2*r + 2. Let l(b) = 5*b + 5. Let h(q) = 3*l(q) - 8*u(q). What is h(-7)?
6
Let f = -9 + 4. Let x(s) = s**2 + s + 7. Let r(h) = h**2 - h + 7. Let t(a) = 2*r(a) - 3*x(a). Calculate t(f).
-7
Let m(q) = -17*q**3 - q**2 - q. Let f be m(-1). Suppose 5*a - 3*t - 19 = 1, -2*a + 3*t + f = 0. Let u(w) = -a + 2*w + 5 - w. Determine u(-4).
0
Let f(g) be the second derivative of -g**3/6 + g**2 + 3*g. Let j be (0/(-3) + 0)*1. Determine f(j).
2
Suppose -5*c + 35 = 5. Let w(y) = y + 1. Let m(l) = -2*l - 11. Let p(x) = -m(x) - 3*w(x). What is p(c)?
2
Let v(c) = 3*c + 22. Let l be v(0). Let z = 23 - l. Let g(n) = 6*n**2 - n + 1. Calculate g(z).
6
Suppose 0 = -3*o + 9 + 3. Suppose -3*f - 5*r = -14, -2*r - 2 = -o*r. Suppose -f*j - 4 = j. Let x(s) = 4*s**3 - s. Determine x(j).
-3
Suppose o - 8 = -4*d, -o + 5*o = -d + 17. Let q be 4/(-3)*3/(-2). Let s(a) = 6*a**2 - 2*a**2 - a**3 + a - 3 + q. Give s(o).
3
Let k(j) be the first derivative of -j**3/3 - j**2/2 - 4*j + 13. Determine k(0).
-4
Let b(l) = -l**2 - 6*l - 3. Suppose 5*y = 2*v - 0*y - 8, -3*v - 6 = -3*y. Give b(v).
-3
Let v(k) = k**2 - 7*k - 11. Suppose 9 = 6*m - 3*m - 5*u, -u = -4*m + 29. What is v(m)?
-3
Let r(m) = -m**2 - 7*m. Suppose 4*a + 3 = -9. Let b(j) = j**2 + 6*j + 4. Let p be b(a). What is r(p)?
10
Let l(i) = i**2 - 6*i - 2. Suppose 3*k - 5*q = 12, -3*k - 2*k - 2*q + 20 = 0. Calculate l(k).
-10
Let d(p) = -15*p - 7. Let r(o) = -59*o - 27. Let c(a) = -22*d(a) + 6*r(a). Let v(m) = -8*m - 3. Let l(y) = -4*c(y) + 11*v(y). What is l(1)?
7
Let q(d) = 5 + 2*d**3 + d - 17*d**2 - d**3 + 22*d**2. What is q(-5)?
0
Let s(m) = -m. Let i(u) = -u**3 - 3*u**2 - 3*u - 2. Let n be i(-3). Determine s(n).
-7
Let g(c) = 5*c - 1. Let l be (2 - 1/1) + 0. Determine g(l).
4
Let w(p) = -4*p - 1 + p + 3*p**3 + 2*p. Let u be 15/(5 - 2) + -1. Suppose -o + 20 = 5*g + 4*o, u*g - 6 = -2*o. Determine w(g).
-3
Let j(a) = -a + 9. Let t be j(7). Let v(s) = -2*s - t - 4 + 3*s + s. Determine v(4).
2
Let h be (-2)/(-10) + (-295)/(-25). Let m = h - 8. Let n(a) be the second derivative of -a**4/12 + 2*a**3/3 - 5*a**2/2 + 2*a. What is n(m)?
-5
Let k(m) = -42 - 5*m + 4*m + 2*m + 33. Give k(7).
-2
Let d(v) = -v + 4. Let w be d(-4). Suppose -2*z + 4 = -w. Let c(u) = 0 + u - z - 1. Calculate c(4).
-3
Let h = -7 - -6. Let p(z) = 6*z + 4. Let v(k) = -1. Let o(a) = h*p(a) - 5*v(a). Give o(-1).
7
Suppose 7*j - 